{"id":38180,"date":"2025-09-10T15:11:08","date_gmt":"2025-09-10T15:11:08","guid":{"rendered":"http:\/\/alunord.ee\/?post_type=product&#038;p=38180"},"modified":"2025-09-15T15:48:28","modified_gmt":"2025-09-15T15:48:28","slug":"imeprial-i","status":"publish","type":"product","link":"https:\/\/alunord.ee\/en\/product\/imeprial-i\/","title":{"rendered":"Imperial i+ system"},"content":{"rendered":"<p><b>Kasutusalad<\/b><\/p>\n<ul>\n<li style=\"font-weight: 400;\" aria-level=\"1\"><span style=\"font-weight: 400;\">M\u00f5eldud akende, uste ja vitriinakende jaoks.<\/span><\/li>\n<li style=\"font-weight: 400;\" aria-level=\"1\"><span style=\"font-weight: 400;\">Sobib nii elamu- kui ka \u00fchiskondlike hoonete jaoks.<\/span><\/li>\n<li style=\"font-weight: 400;\" aria-level=\"1\"><span style=\"font-weight: 400;\">V\u00f5imaldab kaasaegsete aknas\u00fcsteemide disainimist mitmes variandis.<\/span><\/li>\n<\/ul>\n<p>&nbsp;<\/p>\n<p><b>Soojusisolatsioon<\/b><\/p>\n<ul>\n<li style=\"font-weight: 400;\" aria-level=\"1\"><span style=\"font-weight: 400;\">V\u00e4ga hea soojusisolatsioon saavutatud t\u00e4nu:<\/span><\/li>\n<\/ul>\n<ul>\n<li style=\"font-weight: 400;\" aria-level=\"2\"><span style=\"font-weight: 400;\">Spetsiaalsetele soojusisolatsioonipaneelidele, mis paigaldatakse soojuskatkestite vahele ja klaasipaketi \u00fcmber.<\/span><\/li>\n<\/ul>\n<ul>\n<li style=\"font-weight: 400;\" aria-level=\"1\"><span style=\"font-weight: 400;\">S\u00fcsteem sobib hoonetele, kus on vajalikud k\u00f5rged energiat\u00f5hususe n\u00e4itajad.<\/span><\/li>\n<\/ul>\n<p>&nbsp;<\/p>\n<p><b>Profiilid ja konstruktsioon<\/b><\/p>\n<ul>\n<li style=\"font-weight: 400;\" aria-level=\"1\"><span style=\"font-weight: 400;\">Lai profiilide valik tagab:<\/span><\/li>\n<\/ul>\n<ul>\n<li style=\"font-weight: 400;\" aria-level=\"2\"><span style=\"font-weight: 400;\">Soovitud esteetilise v\u00e4limuse<\/span><\/li>\n<li style=\"font-weight: 400;\" aria-level=\"2\"><span style=\"font-weight: 400;\">Struktuurse tugevuse<\/span><\/li>\n<\/ul>\n<ul>\n<li style=\"font-weight: 400;\" aria-level=\"1\"><span style=\"font-weight: 400;\">V\u00f5imalik akende integreerimine fassaadis\u00fcsteemidesse.<\/span><\/li>\n<li style=\"font-weight: 400;\" aria-level=\"1\"><span style=\"font-weight: 400;\">Klaasiliistud saadaval kahel kujul:<\/span>\n<ul>\n<li style=\"font-weight: 400;\" aria-level=\"2\"><span style=\"font-weight: 400;\">Ristk\u00fclikukujulised<\/span><\/li>\n<li style=\"font-weight: 400;\" aria-level=\"2\"><span style=\"font-weight: 400;\">\u00dcmara kujuga<\/span><\/li>\n<\/ul>\n<\/li>\n<\/ul>\n<p>&nbsp;<\/p>\n<p><b>Furnituuri \u00fchilduvus<\/b><\/p>\n<ul>\n<li style=\"font-weight: 400;\" aria-level=\"1\"><span style=\"font-weight: 400;\">Profiilid sobivad erinevat t\u00fc\u00fcpi furnituuridele, sh:<\/span>\n<ul>\n<li style=\"font-weight: 400;\" aria-level=\"2\"><span style=\"font-weight: 400;\">Varjatud hinged<\/span><\/li>\n<li style=\"font-weight: 400;\" aria-level=\"2\"><span style=\"font-weight: 400;\">PVC-furnituur<\/span><\/li>\n<\/ul>\n<\/li>\n<\/ul>\n<p>&nbsp;<\/p>\n<p><b>Klaasimisv\u00f5imalused<\/b><\/p>\n<ul>\n<li style=\"font-weight: 400;\" aria-level=\"1\"><span style=\"font-weight: 400;\">Sobib erinevatele klaasit\u00fc\u00fcpidele:<\/span>\n<ul>\n<li style=\"font-weight: 400;\" aria-level=\"2\"><span style=\"font-weight: 400;\">\u00dche- ja kahekambrilised klaaspaketid<\/span><\/li>\n<li style=\"font-weight: 400;\" aria-level=\"2\"><span style=\"font-weight: 400;\">Helikindlad klaasid<\/span><\/li>\n<li style=\"font-weight: 400;\" aria-level=\"2\"><span style=\"font-weight: 400;\">Sissetungimiskindlad klaasid<\/span><\/li>\n<\/ul>\n<\/li>\n<\/ul>\n<p>&nbsp;<\/p>\n<p><b>Vee \u00e4ravool (drenaa\u017e)<\/b><\/p>\n<ul>\n<li style=\"font-weight: 400;\" aria-level=\"1\"><span style=\"font-weight: 400;\">Kaks \u00e4ravoolus\u00fcsteemi:<\/span>\n<ul>\n<li style=\"font-weight: 400;\" aria-level=\"2\"><span style=\"font-weight: 400;\">Traditsiooniline<\/span><\/li>\n<li style=\"font-weight: 400;\" aria-level=\"2\"><span style=\"font-weight: 400;\">Peidetud (varjatud)<\/span><\/li>\n<\/ul>\n<\/li>\n<\/ul>\n<p>&nbsp;<\/p>\n<p><b>Erilahendused<\/b><\/p>\n<ul>\n<li style=\"font-weight: 400;\" aria-level=\"1\"><span style=\"font-weight: 400;\">Profiile saab painutada (painutuse tehnilised andmed saadaval kliendialas: www.aliplast.pl).<\/span><\/li>\n<li style=\"font-weight: 400;\" aria-level=\"1\"><span style=\"font-weight: 400;\">V\u00f5imalik kasutada:<\/span>\n<ul>\n<li style=\"font-weight: 400;\" aria-level=\"2\"><span style=\"font-weight: 400;\">Flyscreen (s\u00e4\u00e4sev\u00f5rgu s\u00fcsteem)<\/span><\/li>\n<li style=\"font-weight: 400;\" aria-level=\"2\"><span style=\"font-weight: 400;\">Insect System (putukav\u00f5rgu s\u00fcsteem)<\/span><\/li>\n<\/ul>\n<\/li>\n<\/ul>\n<p>&nbsp;<\/p>\n<p><b>S\u00fcsteemi alus<\/b><\/p>\n<ul>\n<li style=\"font-weight: 400;\" aria-level=\"1\"><span style=\"font-weight: 400;\">Imperial i+ p\u00f5hineb tunnustatud ja laialdaselt kasutusel olevatel Imperial s\u00fcsteemidel:<\/span>\n<ul>\n<li style=\"font-weight: 400;\" aria-level=\"2\"><span style=\"font-weight: 400;\">IP i<\/span><\/li>\n<li style=\"font-weight: 400;\" aria-level=\"2\"><span style=\"font-weight: 400;\">IP i+<\/span><\/li>\n<\/ul>\n<\/li>\n<\/ul>\n<p>&nbsp;<\/p>\n<p><b>V\u00e4rvivalikud<\/b><\/p>\n<ul>\n<li style=\"font-weight: 400;\" aria-level=\"1\"><span style=\"font-weight: 400;\">Lai v\u00e4rvivalik:<\/span>\n<ul>\n<li style=\"font-weight: 400;\" aria-level=\"2\"><span style=\"font-weight: 400;\">RAL v\u00e4rvikaart (Qualicoat 1518)<\/span><\/li>\n<li style=\"font-weight: 400;\" aria-level=\"2\"><span style=\"font-weight: 400;\">Tekstuurv\u00e4rvid<\/span><\/li>\n<li style=\"font-weight: 400;\" aria-level=\"2\"><span style=\"font-weight: 400;\">Puidumustriga viimistlus<\/span><\/li>\n<li style=\"font-weight: 400;\" aria-level=\"2\"><span style=\"font-weight: 400;\">Kivi imiteerivad pinnad (Qualideco PL-0001)<\/span><\/li>\n<li style=\"font-weight: 400;\" aria-level=\"2\"><span style=\"font-weight: 400;\">Anodeeritud viimistlus (Qualanod 1808)<\/span><\/li>\n<li style=\"font-weight: 400;\" aria-level=\"2\"><span style=\"font-weight: 400;\">Bi-colour \u2013 erinev sise- ja v\u00e4lisv\u00e4rv<\/span><\/li>\n<\/ul>\n<\/li>\n<\/ul>","protected":false},"excerpt":{"rendered":"<p>Kasutusalad M\u00f5eldud akende, uste ja vitriinakende jaoks. Sobib nii elamu- kui ka \u00fchiskondlike hoonete jaoks. V\u00f5imaldab kaasaegsete aknas\u00fcsteemide disainimist mitmes variandis. &nbsp; Soojusisolatsioon V\u00e4ga hea soojusisolatsioon saavutatud t\u00e4nu: Spetsiaalsetele soojusisolatsioonipaneelidele,&hellip;<\/p>","protected":false},"featured_media":38329,"comment_status":"open","ping_status":"closed","template":"","meta":[],"product_brand":[],"product_cat":[251],"product_tag":[],"class_list":{"0":"post-38180","1":"product","2":"type-product","3":"status-publish","4":"has-post-thumbnail","6":"product_cat-aknad","8":"first","9":"instock","10":"shipping-taxable","11":"product-type-simple"},"_links":{"self":[{"href":"https:\/\/alunord.ee\/en\/wp-json\/wp\/v2\/product\/38180","targetHints":{"allow":["GET"]}}],"collection":[{"href":"https:\/\/alunord.ee\/en\/wp-json\/wp\/v2\/product"}],"about":[{"href":"https:\/\/alunord.ee\/en\/wp-json\/wp\/v2\/types\/product"}],"replies":[{"embeddable":true,"href":"https:\/\/alunord.ee\/en\/wp-json\/wp\/v2\/comments?post=38180"}],"wp:featuredmedia":[{"embeddable":true,"href":"https:\/\/alunord.ee\/en\/wp-json\/wp\/v2\/media\/38329"}],"wp:attachment":[{"href":"https:\/\/alunord.ee\/en\/wp-json\/wp\/v2\/media?parent=38180"}],"wp:term":[{"taxonomy":"product_brand","embeddable":true,"href":"https:\/\/alunord.ee\/en\/wp-json\/wp\/v2\/product_brand?post=38180"},{"taxonomy":"product_cat","embeddable":true,"href":"https:\/\/alunord.ee\/en\/wp-json\/wp\/v2\/product_cat?post=38180"},{"taxonomy":"product_tag","embeddable":true,"href":"https:\/\/alunord.ee\/en\/wp-json\/wp\/v2\/product_tag?post=38180"}],"curies":[{"name":"wp","href":"https:\/\/api.w.org\/{rel}","templated":true}]}}

<p><b>Kasutusalad</b></p>
<ul>
<li style="font-weight: 400;" aria-level="1"><span style="font-weight: 400;">Mõeldud akende, uste ja vitriinakende jaoks.</span></li>
<li style="font-weight: 400;" aria-level="1"><span style="font-weight: 400;">Sobib nii elamu- kui ka ühiskondlike hoonete jaoks.</span></li>
<li style="font-weight: 400;" aria-level="1"><span style="font-weight: 400;">Võimaldab kaasaegsete aknasüsteemide disainimist mitmes variandis.</span></li>
</ul>
<p>&nbsp;</p>
<p><b>Soojusisolatsioon</b></p>
<ul>
<li style="font-weight: 400;" aria-level="1"><span style="font-weight: 400;">Väga hea soojusisolatsioon saavutatud tänu:</span></li>
</ul>
<ul>
<li style="font-weight: 400;" aria-level="2"><span style="font-weight: 400;">Spetsiaalsetele soojusisolatsioonipaneelidele, mis paigaldatakse soojuskatkestite vahele ja klaasipaketi ümber.</span></li>
</ul>
<ul>
<li style="font-weight: 400;" aria-level="1"><span style="font-weight: 400;">Süsteem sobib hoonetele, kus on vajalikud kõrged energiatõhususe näitajad.</span></li>
</ul>
<p>&nbsp;</p>
<p><b>Profiilid ja konstruktsioon</b></p>
<ul>
<li style="font-weight: 400;" aria-level="1"><span style="font-weight: 400;">Lai profiilide valik tagab:</span></li>
</ul>
<ul>
<li style="font-weight: 400;" aria-level="2"><span style="font-weight: 400;">Soovitud esteetilise välimuse</span></li>
<li style="font-weight: 400;" aria-level="2"><span style="font-weight: 400;">Struktuurse tugevuse</span></li>
</ul>
<ul>
<li style="font-weight: 400;" aria-level="1"><span style="font-weight: 400;">Võimalik akende integreerimine fassaadisüsteemidesse.</span></li>
<li style="font-weight: 400;" aria-level="1"><span style="font-weight: 400;">Klaasiliistud saadaval kahel kujul:</span>
<ul>
<li style="font-weight: 400;" aria-level="2"><span style="font-weight: 400;">Ristkülikukujulised</span></li>
<li style="font-weight: 400;" aria-level="2"><span style="font-weight: 400;">Ümara kujuga</span></li>
</ul>
</li>
</ul>
<p>&nbsp;</p>
<p><b>Furnituuri ühilduvus</b></p>
<ul>
<li style="font-weight: 400;" aria-level="1"><span style="font-weight: 400;">Profiilid sobivad erinevat tüüpi furnituuridele, sh:</span>
<ul>
<li style="font-weight: 400;" aria-level="2"><span style="font-weight: 400;">Varjatud hinged</span></li>
<li style="font-weight: 400;" aria-level="2"><span style="font-weight: 400;">PVC-furnituur</span></li>
</ul>
</li>
</ul>
<p>&nbsp;</p>
<p><b>Klaasimisvõimalused</b></p>
<ul>
<li style="font-weight: 400;" aria-level="1"><span style="font-weight: 400;">Sobib erinevatele klaasitüüpidele:</span>
<ul>
<li style="font-weight: 400;" aria-level="2"><span style="font-weight: 400;">Ühe- ja kahekambrilised klaaspaketid</span></li>
<li style="font-weight: 400;" aria-level="2"><span style="font-weight: 400;">Helikindlad klaasid</span></li>
<li style="font-weight: 400;" aria-level="2"><span style="font-weight: 400;">Sissetungimiskindlad klaasid</span></li>
</ul>
</li>
</ul>
<p>&nbsp;</p>
<p><b>Vee äravool (drenaaž)</b></p>
<ul>
<li style="font-weight: 400;" aria-level="1"><span style="font-weight: 400;">Kaks äravoolusüsteemi:</span>
<ul>
<li style="font-weight: 400;" aria-level="2"><span style="font-weight: 400;">Traditsiooniline</span></li>
<li style="font-weight: 400;" aria-level="2"><span style="font-weight: 400;">Peidetud (varjatud)</span></li>
</ul>
</li>
</ul>
<p>&nbsp;</p>
<p><b>Erilahendused</b></p>
<ul>
<li style="font-weight: 400;" aria-level="1"><span style="font-weight: 400;">Profiile saab painutada (painutuse tehnilised andmed saadaval kliendialas: www.aliplast.pl).</span></li>
<li style="font-weight: 400;" aria-level="1"><span style="font-weight: 400;">Võimalik kasutada:</span>
<ul>
<li style="font-weight: 400;" aria-level="2"><span style="font-weight: 400;">Flyscreen (sääsevõrgu süsteem)</span></li>
<li style="font-weight: 400;" aria-level="2"><span style="font-weight: 400;">Insect System (putukavõrgu süsteem)</span></li>
</ul>
</li>
</ul>
<p>&nbsp;</p>
<p><b>Süsteemi alus</b></p>
<ul>
<li style="font-weight: 400;" aria-level="1"><span style="font-weight: 400;">Imperial i+ põhineb tunnustatud ja laialdaselt kasutusel olevatel Imperial süsteemidel:</span>
<ul>
<li style="font-weight: 400;" aria-level="2"><span style="font-weight: 400;">IP i</span></li>
<li style="font-weight: 400;" aria-level="2"><span style="font-weight: 400;">IP i+</span></li>
</ul>
</li>
</ul>
<p>&nbsp;</p>
<p><b>Värvivalikud</b></p>
<ul>
<li style="font-weight: 400;" aria-level="1"><span style="font-weight: 400;">Lai värvivalik:</span>
<ul>
<li style="font-weight: 400;" aria-level="2"><span style="font-weight: 400;">RAL värvikaart (Qualicoat 1518)</span></li>
<li style="font-weight: 400;" aria-level="2"><span style="font-weight: 400;">Tekstuurvärvid</span></li>
<li style="font-weight: 400;" aria-level="2"><span style="font-weight: 400;">Puidumustriga viimistlus</span></li>
<li style="font-weight: 400;" aria-level="2"><span style="font-weight: 400;">Kivi imiteerivad pinnad (Qualideco PL-0001)</span></li>
<li style="font-weight: 400;" aria-level="2"><span style="font-weight: 400;">Anodeeritud viimistlus (Qualanod 1808)</span></li>
<li style="font-weight: 400;" aria-level="2"><span style="font-weight: 400;">Bi-colour – erinev sise- ja välisvärv</span></li>
</ul>
</li>
</ul>

<p>Kasutusalad Mõeldud akende, uste ja vitriinakende jaoks. Sobib nii elamu- kui ka ühiskondlike hoonete jaoks. Võimaldab kaasaegsete aknasüsteemide disainimist mitmes variandis. &nbsp; Soojusisolatsioon Väga hea soojusisolatsioon saavutatud tänu: Spetsiaalsetele soojusisolatsioonipaneelidele,&hellip;</p>
